he prime factors of 314574.
2, 3, 13, 37, 109
List the prime factors of 40467910.
2, 5, 7, 19, 30427
List the prime factors of 127451.
233, 547
What are the prime factors of 280060?
2, 5, 11, 19, 67
List the prime factors of 724193.
79, 89, 103
List the prime factors of 1414588.
2, 7, 19, 2659
List the prime factors of 344757.
3, 7, 16417
What are the prime factors of 248203?
248203
List the prime factors of 287631.
3, 53, 67
What are the prime factors of 292683?
3, 97561
List the prime factors of 2156486.
2, 733, 1471
What are the prime factors of 107359?
7, 313
List the prime factors of 7780282.
2, 787, 4943
List the prime factors of 132199.
132199
List the prime factors of 3556458.
2, 3, 19, 10399
List the prime factors of 277035.
3, 5, 11, 23, 73
What are the prime factors of 717113?
717113
List the prime factors of 156172.
2, 39043
List the prime factors of 1975596.
2, 3, 7, 29, 811
List the prime factors of 538147.
538147
List the prime factors of 1485.
3, 5, 11
List the prime factors of 357171.
3, 119057
List the prime factors of 1694775.
3, 5, 59, 383
What are the prime factors of 441494?
2, 220747
What are the prime factors of 108086?
2, 11, 17
What are the prime factors of 7125209?
7, 13, 19, 317
What are the prime factors of 12344453?
11, 733, 1531
List the prime factors of 161505.
3, 5, 37, 97
What are the prime factors of 978000?
2, 3, 5, 163
What are the prime factors of 318461?
11, 13, 17, 131
What are the prime factors of 2396283?
3, 167, 4783
List the prime factors of 10367.
7, 1481
List the prime factors of 16584.
2, 3, 691
What are the prime factors of 5752928?
2, 179779
List the prime factors of 1223454.
2, 3, 203909
List the prime factors of 294323.
89, 3307
List the prime factors of 7512076.
2, 11, 13, 23, 571
List the prime factors of 4172755.
5, 31, 26921
What are the prime factors of 624331?
624331
What are the prime factors of 18661554?
2, 3, 83, 12491
List the prime factors of 2295007.
11, 13, 1459
List the prime factors of 6759743.
701, 9643
What are the prime factors of 183367?
29, 6323
What are the prime factors of 10028088?
2, 3, 7, 101, 197
What are the prime factors of 118089?
3, 13121
List the prime factors of 97878.
2, 3, 11, 1483
List the prime factors of 1283867.
13, 61, 1619
What are the prime factors of 539437?
41, 59, 223
What are the prime factors of 533652?
2, 3, 7, 6353
What are the prime factors of 903534?
2, 3, 150589
List the prime factors of 338656.
2, 19, 557
What are the prime factors of 9721041?
3, 11, 271, 1087
List the prime factors of 1529117.
211, 7247
What are the prime factors of 67590?
2, 3, 5, 751
List the prime factors of 6875895.
3, 5, 13, 37, 953
List the prime factors of 7810044.
2, 3, 11, 59167
List the prime factors of 2885759.
31, 93089
List the prime factors of 2800525.
5, 7, 13, 1231
What are the prime factors of 428675?
5, 13, 1319
What are the prime factors of 4639944?
2, 3, 103, 1877
What are the prime factors of 237336?
2, 3, 11, 29, 31
List the prime factors of 7533.
3, 31
List the prime factors of 72866.
2, 36433
What are the prime factors of 23410563?
3, 11, 367, 1933
What are the prime factors of 2847640?
2, 5, 71191
List the prime factors of 170349.
3, 56783
List the prime factors of 3947319.
3, 146197
What are the prime factors of 15816?
2, 3, 659
What are the prime factors of 5102524?
2, 7, 182233
List the prime factors of 149120.
2, 5, 233
What are the prime factors of 19983406?
2, 31, 109, 2957
List the prime factors of 6372745.
5, 1274549
List the prime factors of 2700766.
2, 1350383
What are the prime factors of 69330?
2, 3, 5, 2311
List the prime factors of 3650843.
7, 74507
List the prime factors of 795406.
2, 499, 797
What are the prime factors of 259340?
2, 5, 12967
What are the prime factors of 149406?
2, 3, 37, 673
List the prime factors of 1576214.
2, 788107
List the prime factors of 2140663.
7, 79
What are the prime factors of 3194765?
5, 7, 37, 2467
List the prime factors of 6987019.
13, 229, 2347
List the prime factors of 4283707.
4283707
What are the prime factors of 3531900?
2, 3, 5, 61, 193
List the prime factors of 12839.
37, 347
What are the prime factors of 209616?
2, 3, 11, 397
List the prime factors of 1065200.
2, 5, 2663
List the prime factors of 4735474.
2, 1511, 1567
What are the prime factors of 270054?
2, 3, 1667
What are the prime factors of 13220231?
13220231
List the prime factors of 160089.
3, 17, 43, 73
What are the prime factors of 17213649?
3, 31, 271, 683
List the prime factors of 8170844.
2, 11, 233, 797
What are the prime factors of 1788695?
5, 357739
What are the prime factors of 207041?
207041
What are the prime factors of 17899189?
7, 11, 232457
List the prime factors of 5827712.
2, 11, 4139
List the prime factors of 406453.
17, 23909
List the prime factors of 73871.
7, 61, 173
List the prime factors of 442492.
2, 110623
List the prime factors of 1811127.
3, 569, 1061
List the prime factors of 10106431.
10106431
List the prime factors of 1492943.
1492943
What are the prime factors of 606089?
11, 5009
List the prime factors of 3445219.
61, 56479
List the prime factors of 253104.
2, 3, 5273
What are the prime factors of 2453839?
613, 4003
List the prime factors of 285879.
3, 11, 8663
List the prime factors of 1143915.
3, 5, 76261
List the prime factors of 8189569.
193, 42433
What are the prime factors of 640569?
3, 213523
List the prime factors of 26313176.
2, 19, 331, 523
List the prime factors of 215448.
2, 3, 47, 191
What are the prime factors of 4460984?
2, 11, 163, 311
List the prime factors of 2043068.
2, 510767
What are the prime factors of 232660?
2, 5, 11633
List the prime factors of 1250560.
2, 5, 977
List the prime factors of 20518.
2, 10259
List the prime factors of 320189.
29, 61, 181
List the prime factors of 55803.
3, 11, 19, 89
What are the prime factors of 1833466?
2, 916733
What are the prime factors of 2367631?
7, 211, 229
What are the prime factors of 71529?
3, 113, 211
What are the prime factors of 907565?
5, 181513
What are the prime factors of 6815488?
2, 79, 337
List the prime factors of 1262888.
2, 11, 113, 127
What are the prime factors of 338460?
2, 3, 5, 5641
What are the prime factors of 159967?
347, 461
List the prime factors of 1902333.
3, 127, 4993
List the prime factors of 11258557.
59, 190823
What are the prime factors of 1673378?
2, 7, 17, 79, 89
List the prime factors of 994024.
2, 17, 7309
What are the prime factors of 484044?
2, 3, 11, 19, 193
What are the prime factors of 2654691?
3, 13, 43, 1583
List the prime factors of 390044.
2, 97511
What are the prime factors of 7250210?
2, 5, 11, 19, 3469
List the prime factors of 67245.
3, 5, 4483
List the prime factors of 6525206.
2, 101, 32303
What are the prime factors of 1326194?
2, 663097
What are the prime factors of 5490763?
37, 148399
What are the prime factors of 145276?
2, 36319
What are the prime factors of 117875?
5, 23, 41
What are the prime factors of 1525851?
3, 31, 1823
What are the prime factors of 12111896?
2, 43, 137, 257
List the prime factors of 4479300.
2, 3, 5, 7, 79
List the prime factors of 171804.
2, 3, 103, 139
What are the prime factors of 59698?
2, 19, 1571
What are the prime factors of 14301116?
2, 269, 13291
What are the prime factors of 36008?
2, 7, 643
What are the prime factors of 4062574?
2, 2031287
List the prime factors of 74284.
2, 7, 379
What are the prime factors of 2283484?
2, 7, 81553
What are the prime factors of 1793243?
619, 2897
List the prime factors of 5604921.
3, 7, 43, 2069
List the prime factors of 302146.
2, 13, 11621
What are the prime factors of 9556677?
3, 13, 19, 1433
List the prime factors of 121891.
7, 11, 1583
What are the prime factors of 21684460?
2, 5, 7, 29, 109
List the prime factors of 921616.
2, 57601
What are the prime factors of 504385?
5, 7, 14411
What are the prime factors of 2399634?
2, 3, 29, 4597
List the prime factors of 246231.
3, 109, 251
List the prime factors of 614687.
614687
What are the prime factors of 975602?
2, 641, 761
What are the prime factors of 7078?
2, 3539
What are the prime factors of 1888067?
709, 2663
What are the prime factors of 221506?
2, 110753
List the prime factors of 8747930.
2, 5, 59, 14827
What are the prime factors of 500933?
500933
What are t